{"id":571,"date":"2021-11-29T18:48:10","date_gmt":"2021-11-29T18:48:10","guid":{"rendered":"http:\/\/2em.fr\/?page_id=571"},"modified":"2021-12-03T13:48:20","modified_gmt":"2021-12-03T13:48:20","slug":"guadeloupe","status":"publish","type":"page","link":"https:\/\/2em.fr\/?page_id=571","title":{"rendered":"Guadeloupe"},"content":{"rendered":"<div  data-label=\"Overlappable\" data-id=\"overlappable--2\" data-export-id=\"overlappable-3\" data-category=\"overlappable\" class=\"overlappable-3 content-section content-section-spacing\" data-overlap=\"true\" id=\"overlappable-2\" style=\"background-color: rgb(255, 255, 255);\"><div  class=\"gridContainer\"> <div  class=\"row bg-color-white shadow-medium\"><div  class=\"col-xs-12 col-sm-6 image-col first-image-col\" data-bg=\"image\" style=\"background-image: url(&quot;http:\/\/2em.fr\/wp-content\/uploads\/2021\/11\/GUADELOUPE-NATURALIA.jpg&quot;);\"><\/div> <div  class=\"col-xs-12 col-sm-6 content-col col-padding col-padding-xs\"> <div  class=\"col-padding\" data-type=\"column\"> <h4  class=\"\">Naturalia, Family Plaza&nbsp;<\/h4> <p  class=\"\">Installation courants forts et courants faible<\/p> <\/div> <\/div><\/div> <div  class=\"row bg-color-white shadow-medium\"><div  class=\"col-xs-12 col-sm-6 content-col col-padding col-padding-xs\"> <div  class=\"col-padding\" data-type=\"column\"><h4  class=\"\">Mr Bricolage&nbsp;<\/h4> <p  class=\"\">Installation courants forts et courants faible \n<br >D\u00e9tection incendie<br >\nContr\u00f4le d\u2019acc\u00e8s<\/p> <\/div> <\/div> <div  class=\"col-xs-12 col-sm-6 image-col second-image-col first-xs last-sm\" data-bg=\"image\" style=\"background-image: url(&quot;http:\/\/2em.fr\/wp-content\/uploads\/2021\/11\/GUADELOUPE-MR-BRICOLAGE-DES-ABYMES.jpg&quot;);\"><\/div> <\/div><\/div> <\/div><div  data-label=\"Overlappable\" data-id=\"overlappable--1\" data-export-id=\"overlappable-3\" data-category=\"overlappable\" class=\"overlappable-3 content-section content-section-spacing\" data-overlap=\"true\" id=\"overlappable-1\" style=\"background-color: rgb(255, 255, 255);\"><div  class=\"gridContainer\"> <div  class=\"row bg-color-white shadow-medium\"><div  class=\"col-xs-12 col-sm-6 image-col first-image-col\" data-bg=\"image\" style=\"background-image: url(&quot;http:\/\/2em.fr\/wp-content\/uploads\/2021\/11\/cropped-GUADELOUPE-IMMEUBLE-CGRR-LE-PAPILLON-scaled-1.jpg&quot;);\"><\/div> <div  class=\"col-xs-12 col-sm-6 content-col col-padding col-padding-xs\"> <div  class=\"col-padding\" data-type=\"column\"> <h4  class=\"\">Immeuble CGRR Le Papillon &nbsp;<\/h4> <p  class=\"\">&nbsp;Installation courants forts et courants faible D\u00e9tection incendie<br >\nContr\u00f4le d\u2019acc\u00e8s<\/p> <\/div> <\/div><\/div> <div  class=\"row bg-color-white shadow-medium\"><div  class=\"col-xs-12 col-sm-6 content-col col-padding col-padding-xs\"> <div  class=\"col-padding\" data-type=\"column\"><h4  class=\"\">A venir&nbsp;<\/h4> <p  class=\"\"><\/p> <\/div> <\/div> <div  class=\"col-xs-12 col-sm-6 image-col second-image-col first-xs last-sm\" data-bg=\"image\" style=\"background-image: url(&quot;http:\/\/2em.fr\/wp-content\/uploads\/2021\/12\/anastasia-zhenina-E4XARZNDjzI-unsplash-scaled.jpg&quot;);\"><\/div> <\/div><\/div> <\/div>","protected":false},"excerpt":{"rendered":"<p>Naturalia, Family Plaza&nbsp; Installation courants forts et courants faible Mr Bricolage&nbsp; Installation courants forts et courants faible D\u00e9tection incendie Contr\u00f4le d\u2019acc\u00e8s Immeuble CGRR Le Papillon &nbsp; &nbsp;Installation courants forts et courants faible D\u00e9tection incendie Contr\u00f4le d\u2019acc\u00e8s A venir&nbsp;<\/p>\n","protected":false},"author":1,"featured_media":0,"parent":0,"menu_order":0,"comment_status":"closed","ping_status":"closed","template":"pro\/page-templates\/full-width-page.php","meta":[],"_links":{"self":[{"href":"https:\/\/2em.fr\/index.php?rest_route=\/wp\/v2\/pages\/571"}],"collection":[{"href":"https:\/\/2em.fr\/index.php?rest_route=\/wp\/v2\/pages"}],"about":[{"href":"https:\/\/2em.fr\/index.php?rest_route=\/wp\/v2\/types\/page"}],"author":[{"embeddable":true,"href":"https:\/\/2em.fr\/index.php?rest_route=\/wp\/v2\/users\/1"}],"replies":[{"embeddable":true,"href":"https:\/\/2em.fr\/index.php?rest_route=%2Fwp%2Fv2%2Fcomments&post=571"}],"version-history":[{"count":7,"href":"https:\/\/2em.fr\/index.php?rest_route=\/wp\/v2\/pages\/571\/revisions"}],"predecessor-version":[{"id":643,"href":"https:\/\/2em.fr\/index.php?rest_route=\/wp\/v2\/pages\/571\/revisions\/643"}],"wp:attachment":[{"href":"https:\/\/2em.fr\/index.php?rest_route=%2Fwp%2Fv2%2Fmedia&parent=571"}],"curies":[{"name":"wp","href":"https:\/\/api.w.org\/{rel}","templated":true}]}}