{"id":101,"date":"2018-04-26T10:54:07","date_gmt":"2018-04-26T10:54:07","guid":{"rendered":"http:\/\/advertisingsel.selena-work.cloud-press.net\/?page_id=101"},"modified":"2021-11-26T18:31:48","modified_gmt":"2021-11-26T18:31:48","slug":"services","status":"publish","type":"page","link":"https:\/\/2em.fr\/?page_id=101","title":{"rendered":"L&rsquo;ENTREPRISE"},"content":{"rendered":"<div  data-label=\"Cta\" data-id=\"cta-centered-section-grid\" data-export-id=\"cta-centered-section-grid\" data-category=\"cta\" class=\"cta-centered-section-grid content-section content-section-spacing-medium bg-color1 dark-text\" id=\"cta-2\" style=\"background-image: none; background-color: rgb(255, 255, 255); background-size: cover; background-position: center top;\"> <div  class=\"gridContainer\"> <div  class=\"row text-center\"> <div  class=\"col-xs-12 col-sm-10 col-sm-offset-1 col-md-8 col-md-offset-2\" data-type=\"column\">    <p  class=\"lead\" style=\"text-align: left;\"><span  style=\"font-family: verdana, geneva, sans-serif; font-weight: 300;\">Fond\u00e9e au d\u00e9but des ann\u00e9es 1990 en Martinique, 2EM est une entreprise familiale sp\u00e9cialis\u00e9e dans l\u2019installation \u00e9lectrique, incendie, s\u00e9curit\u00e9, climatisation et maintenance.<\/span><\/p><p  class=\"lead\" style=\"text-align: left;\"><span  style=\"font-family: verdana, geneva, sans-serif;\">Fort de la confiance de nos clients 2EM s\u2019est progressivement d\u00e9ploy\u00e9e en Guadeloupe et en Guyane puis en Aquitaine.<\/span><\/p><p  class=\"lead\" style=\"text-align: left;\"><span  style=\"font-family: verdana, geneva, sans-serif;\">R\u00e9active et fiable comme une entreprise familiale mais structur\u00e9e et autonome,  2EM c\u2019est aujourd\u2019hui plus de 80 collaborateurs \u00e0 votre service !<\/span><\/p><\/div> <\/div> <\/div> <\/div>","protected":false},"excerpt":{"rendered":"<p>Fond\u00e9e au d\u00e9but des ann\u00e9es 1990 en Martinique, 2EM est une entreprise familiale sp\u00e9cialis\u00e9e dans l\u2019installation \u00e9lectrique, incendie, s\u00e9curit\u00e9, climatisation et maintenance.Fort de la confiance de nos clients 2EM s\u2019est progressivement d\u00e9ploy\u00e9e en Guadeloupe et en Guyane puis en Aquitaine.R\u00e9active et fiable comme une entreprise familiale mais structur\u00e9e et autonome, 2EM c\u2019est aujourd\u2019hui plus de&hellip; <br \/> <a class=\"read-more\" href=\"https:\/\/2em.fr\/?page_id=101\">Read more<\/a><\/p>\n","protected":false},"author":1,"featured_media":0,"parent":0,"menu_order":0,"comment_status":"closed","ping_status":"closed","template":"pro\/page-templates\/full-width-page.php","meta":[],"_links":{"self":[{"href":"https:\/\/2em.fr\/index.php?rest_route=\/wp\/v2\/pages\/101"}],"collection":[{"href":"https:\/\/2em.fr\/index.php?rest_route=\/wp\/v2\/pages"}],"about":[{"href":"https:\/\/2em.fr\/index.php?rest_route=\/wp\/v2\/types\/page"}],"author":[{"embeddable":true,"href":"https:\/\/2em.fr\/index.php?rest_route=\/wp\/v2\/users\/1"}],"replies":[{"embeddable":true,"href":"https:\/\/2em.fr\/index.php?rest_route=%2Fwp%2Fv2%2Fcomments&post=101"}],"version-history":[{"count":5,"href":"https:\/\/2em.fr\/index.php?rest_route=\/wp\/v2\/pages\/101\/revisions"}],"predecessor-version":[{"id":451,"href":"https:\/\/2em.fr\/index.php?rest_route=\/wp\/v2\/pages\/101\/revisions\/451"}],"wp:attachment":[{"href":"https:\/\/2em.fr\/index.php?rest_route=%2Fwp%2Fv2%2Fmedia&parent=101"}],"curies":[{"name":"wp","href":"https:\/\/api.w.org\/{rel}","templated":true}]}}